= -20954 - -20951. Calculate o(n).
9
Suppose -h + 8*v + 62 = 9*v, -4*v = 2*h - 132. Let n(t) = -h + t**3 + 41 + 2*t**2 - 5*t**2 - 10*t**2 + t**2 - 12*t. Determine n(13).
-4
Let t(a) = 65*a**2 - 42*a - 64*a**2 + 38*a + 13 - 17. What is t(4)?
-4
Let n(m) = -2 - 4 + 2 + m**2 + 6*m. Let w = -2896 - -2890. What is n(w)?
-4
Suppose 4*f = 6*f + 4*h + 4, 3*f - h + 27 = 0. Let s(v) be the second derivative of -v**5/20 - 7*v**4/12 + v**3/2 + 9*v**2/2 - 281*v + 1. Give s(f).
49
Let b(u) be the second derivative of -3*u + 0 - 1/12*u**4 - 1/6*u**3 - 1/20*u**5 - 7/2*u**2. Let m(r) be the first derivative of b(r). Determine m(-1).
-2
Let d(x) = 27*x - 59. Let a(b) = 14*b - 30. Let m(k) = 7*a(k) - 4*d(k). Let t be m(3). Let h(v) = v**2 + 6*v + 10. Calculate h(t).
2
Let g(k) = -11085 + 22286 - 10*k - 4*k - 10887. Calculate g(23).
-8
Let l(v) = -4*v**2 - 45*v + 13. Let p(n) = n**2 + 11*n - 2. Let z(o) = 2*l(o) + 9*p(o). Let w = 18 + -26. Give z(w).
0
Let a(j) = 39*j + 1. Let p be a(1). Suppose -23*h = -33*h + p. Let i(k) = -k + 1. Give i(h).
-3
Let f(g) = -1054*g + 2151. Let h(x) = -361*x + 715. Let r(c) = -6*f(c) + 17*h(c). Calculate r(4).
-3
Let w(j) = -8*j - 6. Let m(t) be the second derivative of -t**3/3 - t**2/2 + 24*t - 2. Let h(k) = -9*m(k) + 2*w(k). What is h(2)?
1
Let d be 9/(-3 + 0) - 1*-3. Suppose 3*t + 17 - 2 = d. Let b(k) = k**2 + 6*k + 4. What is b(t)?
-1
Let f be ((-12)/(-4) - (1 + -3)) + -1. Let r be (f + -2 - -64)*(-14)/(-21). Suppose l + 47 = -5*y - 3*l, -r = 5*y + 3*l. Let k(s) = -s - 7. Calculate k(y).
0
Let z(o) be the second derivative of o**5/20 - 7*o**4/4 - o**3/2 + 71*o**2/2 - 2375*o. Calculate z(21).
8
Suppose -7*x + 347 = 333. Let m(o) = o**2 - 4*o + 1. Calculate m(x).
-3
Suppose -25*s + 15 = 2*t - 28*s, -3 = 3*s. Let y(a) = 3 + t*a + 42*a**3 - 2*a - 75*a**3 + 32*a**3. What is y(-2)?
3
Let f(l) = l**3 - 6*l**2 - 3*l + 7. Let k(w) = w**3 - 9*w**2 - 21*w - 4. Let d be k(11). Let a be f(d). Let m = a + -41. Let s(g) = -g - 8. Give s(m).
-2
Let g(d) = -18*d**2 + 13*d + 37. Let t(z) = 11*z**2 - 6*z - 20. Let p(r) = -3*g(r) - 5*t(r). Give p(-8).
-3
Let y = -4932 + 4928. Let m(f) = -f**3 - 4*f**2 - f + 1. Calculate m(y).
5
Let b = -135 + 138. Suppose -8*q + 10 = -b*q. Let l(u) = -25 - u + q*u**2 + 28 - u**2 + 4*u**2 + u**3. Calculate l(-5).
8
Let u be (-220)/(-35) - 4/14. Let g(v) = -3*v - 6 + 2 + u*v. Let o = -258868 + 258865. Give g(o).
-13
Let w(b) = -6*b - 172. Let h(k) = -3*k - 69. Let i(r) = 5*h(r) - 2*w(r). Suppose 0 = q + 1 + 2, v - 2*q - 4 = 0. Let p = v + 3. Give i(p).
-4
Let n = -3430 + 3433. Let b(i) = 2*i**3 - 3*i**2 + 5*i - 3. Determine b(n).
39
Let m = 304 + -304. Suppose k + 8*q = 7*q - 2, 2*q + 4 = m. Let a(x) = x**3 - x**2 - 32. What is a(k)?
-32
Let x(n) = n**2 + 3*n + 9. Let a(m) = -m**2 - 3*m - 8. Let r(i) = -7*a(i) - 6*x(i). Let f be 72/(-15) - (-8)/(-40). Calculate r(f).
12
Let w(o) = 2*o + 2177*o**3 + 43 - 40 - 2174*o**3 + 2*o**2. Suppose 2*k - 3*k - 2 = 0. Determine w(k).
-17
Suppose 2*f = -2*t - 9 - 15, -3*f - 15 = 0. Let q be (52/(-8) + 5)/((-3)/4). Let a(r) = 9*r + 3*r**2 + 5 - 2*r**q + 0*r**2. Give a(t).
-9
Let g(m) = 36*m - 2. Let j(t) = -61*t + 4. Let l(s) = 5*g(s) + 3*j(s). Let f be 4*1*4/(-8). Give l(f).
8
Let j(k) be the third derivative of k**4/24 + k**3/3 - 633*k**2 + 4*k + 4. Let n = -12 + 5. Calculate j(n).
-5
Let o(v) be the first derivative of 13*v**2/2 - 103*v - 385. Calculate o(8).
1
Let i(w) be the first derivative of w**5/60 + w**4/24 + w**3/3 - w**2/2 - 30. Let a(o) be the third derivative of i(o). What is a(5)?
11
Let w(x) = -420*x**2 + 17 - 7*x**3 - 1 - 14*x + 439*x**2. Let y(m) = 3*m**3 - 9*m**2 + 7*m - 8. Let z(f) = 2*w(f) + 5*y(f). Calculate z(6).
-2
Let t(v) be the first derivative of -v**4/4 + v**3/3 + 21*v + 39096. Let j = -2 + 2. What is t(j)?
21
Let i(x) be the first derivative of 7/3*x**3 + 5*x + 15 + 1/4*x**4 - 5/2*x**2. Let f be 12*(-1)/((-9)/(-6)). Calculate i(f).
-19
Let y(v) = -91 + 91 - 2 + v. What is y(-2)?
-4
Let q(u) = -28*u**3 - u**2 - u - 1. Let t = 671 + -663. Suppose -5 = i + 4*l, 6*l = 4*i + 10*l + t. Determine q(i).
27
Suppose 3*q + 12 - 33 = 0. Suppose 0 = -21*f + 28*f - q. Let u(y) = -5*y**3 + y**2 - y + 1. Determine u(f).
-4
Let z(c) = -c**2 - 6*c + 4. Suppose -382 - 1843 = 25*i. Let k = i - -82. Determine z(k).
-3
Let g(q) be the first derivative of q**4/2 - 2*q**3/3 + 3*q**2/2 - 2*q + 1. Suppose 0 = 8*d + 613 - 493. Let j be ((-3)/d)/((-2)/(-20)). Determine g(j).
12
Let f(q) = 68*q + 409. Let x(r) = -422*r - 1694. Let z be x(-4). Determine f(z).
1
Let j = 832 + -445. Let z(b) = -4*b**2 - b + 7*b**2 + 4 + j*b**3 - 388*b**3. Calculate z(4).
-16
Let b(c) be the third derivative of 5*c**4/8 - 11*c**3/3 - 2*c**2 - 382*c + 2. Determine b(1).
-7
Let j(r) be the second derivative of r**4/12 + 4*r**3/3 + 2*r**2 - 107*r + 3. Suppose -433*b - 14 = -431*b. Determine j(b).
-3
Let c be (-4)/(-38) - (-16)/(-152). Let z be 8/8*7/1. Let o(p) = p**2 - p + 2*p + p**3 + 0 - 2*p**2 - z. Determine o(c).
-7
Suppose 15*c + 4*u + 20 = 13*c, 2*u + 26 = 3*c. Let f(o) = -27*o + 25. Calculate f(c).
-83
Let q be ((10/(-8))/5)/(5/(-40)). Let x(g) = -52 + 50 + 0*g**q + 3*g - 16*g**2. Give x(1).
-15
Let b(v) = v**3 - 6*v**2 + 5*v + 1. Let m(j) = 2*j**3 - j. Let y be m(1). Suppose -57*x - 13 = 101. Let n be y + ((-5)/(-10))/(x/(-12)). Determine b(n).
-11
Let s(b) = b**3 + b**2 - 2*b - 1. Let q = -205 + 207. Suppose 2*n + q*n = -5*l - 1, 4*l - 5*n = -9. Calculate s(l).
1
Suppose x + 9*x = 3*x + 2*x. Let u(n) be the third derivative of 0*n**4 + 0*n - 1/120*n**6 - 18*n**2 + 0*n**5 + x + 0*n**3. Give u(-2).
8
Let u(s) = s**2 + 6*s + 4. Suppose 6*l - 15 = -3. Suppose -3*f - l*f = 15. Let b be (2/6)/(f/45). Give u(b).
-1
Let a(o) = o**2 - 5*o + 4 - 4 + 3. Let c be (1417 - 1412)/((-1 + -1)/(-2)*1). What is a(c)?
3
Let j be (3 - 35/4)/((-1)/8). Let k(p) = 10*p - 4. Let i be k(-5). Let q = i + j. Let c(n) = n**2 + 12*n + 5. Determine c(q).
-27
Let u(m) = -2*m**3 + 4*m**2 + 2*m - 4. Let x be u(2). Let i(c) = 5 + x*c - c + 3*c - 8. Determine i(-7).
-17
Let p(y) be the third derivative of -y**5/30 - y**4/24 + y**3/2 - y**2. Suppose 3461*u + 3524*u - 660 = 7150*u. Calculate p(u).
-25
Let u(q) = -q**3 + 2*q**2 - 7*q + 5. Suppose -2494*g = -2413*g - 324. Calculate u(g).
-55
Let i(v) = -91*v**2 - 83*v**2 + 43*v - v**3 + 58 - 84*v**2 + 338*v**2 - 85*v**2. What is i(-9)?
-5
Let v(w) be the third derivative of 1/24*w**4 + 37/6*w**3 - 10*w**2 + 0*w + 0. Let z be v(-30). Let n(x) = x**2 - 6*x - 9. What is n(z)?
-2
Let i(o) = 6*o - 1. Suppose 15*w + 16*w = -7161. Let p = 234 + w. Calculate i(p).
17
Let j be -2 + (-16)/(-2) + 1. Let l(k) = j + 3*k + 0*k - 2*k. Suppose x = 3*r - 21, 156*r - 158*r - 5*x - 20 = 0. Determine l(r).
12
Let u(s) = -2*s**3 + 21*s**2 - 9*s - 19. Suppose 381*c - 408*c + 270 = 0. Calculate u(c).
-9
Let s(v) = v + v - 2 - 4*v + 3*v. Let d(f) = f - 2. Let k(p) = 2*d(p) - 3*s(p). Determine k(5).
-3
Suppose i - 2 = 778. Suppose -18*x + i = -6*x. Let b(f) = 3*f - x - f + 31 + 39. Determine b(-5).
-5
Let t(y) = -5*y**3 - 48*y**2 + 71*y - 44. Let z(k) = -k**3 - 10*k**2 + 15*k - 9. Let j(b) = 4*t(b) - 19*z(b). Give j(-3).
7
Let v(t) = t**3 - t**2 - 4*t - 1. Let m(l) = -7*l**3 + 13*l**2 + 26*l. Let w(o) = -m(o) - 5*v(o). What is w(4)?
-19
Let o(c) = 46*c**2 - 9*c + 1. Let a(s) = 51*s**2 - 10*s + 1. Let p(h) = 7*a(h) - 8*o(h). What is p(1)?
-10
Let p = 4337 - 4345. Let o(m) = -m**3 - 9*m**2 - 12*m - 2. Give o(p).
30
Let f(o) be the second derivative of -1/6*o**4 - 1/2*o**3 - 1/2*o**2 - 40*o - 3/20*o**5 + 0. Calculate f(-2).
21
Let g = 11794 + -11805. Let h(q) = q**2 + 9*q - 6. Calculate h(g).
16
Let a(q) = 0 - 26251*q + 26247*q + 0. Suppose 2 = 3*n - 2*n. Let z(c) = -5*c - 1. Let l(b) = n*z(b) - 3*a(b). Give l(-6).
-14
Let w(k) be the second derivative of -k**4/12 - k**3/6 + 13*k**2/2 + 386*k. Determine w(7).
-43
Let v(s) = 124*s + 55. Let a(n) = 528*n + 221. Let y(z) = 4*a(z) - 17*v(z). Determine y(10).
-11
Let h = -26 - -34. Suppose h*z + 4*z - 72 = 0. Let d(k) = -3*k + 14. What is d(z)?
-4
Let h(n) = n + 6. Suppose 8*l + 347 = 307. What is h(l)?
1
Let y(z) = -2*z - 7. Suppose -50*w + 33*w = -30*w - 52. Determine y(w).
1
Let z(w) = -w**3 + w**2 - 2*w + 7. Suppose -3*d = -5*l + 15, d + 3*l + l = 12. Dete